{"id":6150,"date":"2025-08-29T10:39:39","date_gmt":"2025-08-29T08:39:39","guid":{"rendered":"https:\/\/lipomal.pl\/?page_id=6150"},"modified":"2025-08-29T10:43:57","modified_gmt":"2025-08-29T08:43:57","slug":"lipomal","status":"publish","type":"page","link":"https:\/\/lipomal.pl\/index.php\/lipomal\/","title":{"rendered":"Lipomal"},"content":{"rendered":"[vc_row type=&#8221;in_container&#8221; full_screen_row_position=&#8221;middle&#8221; column_margin=&#8221;default&#8221; column_direction=&#8221;default&#8221; column_direction_tablet=&#8221;default&#8221; column_direction_phone=&#8221;default&#8221; scene_position=&#8221;center&#8221; top_padding=&#8221;1%&#8221; constrain_group_1=&#8221;yes&#8221; bottom_padding=&#8221;1%&#8221; text_color=&#8221;dark&#8221; text_align=&#8221;left&#8221; row_border_radius=&#8221;none&#8221; row_border_radius_applies=&#8221;bg&#8221; overlay_strength=&#8221;0.3&#8243; gradient_direction=&#8221;left_to_right&#8221; shape_divider_position=&#8221;bottom&#8221; bg_image_animation=&#8221;none&#8221; shape_type=&#8221;&#8221;][vc_column column_padding=&#8221;padding-2-percent&#8221; column_padding_tablet=&#8221;inherit&#8221; column_padding_phone=&#8221;inherit&#8221; column_padding_position=&#8221;all&#8221; column_element_spacing=&#8221;default&#8221; background_color_opacity=&#8221;1&#8243; background_hover_color_opacity=&#8221;1&#8243; column_shadow=&#8221;medium_depth&#8221; column_border_radius=&#8221;20px&#8221; column_link_target=&#8221;_self&#8221; gradient_direction=&#8221;left_to_right&#8221; overlay_strength=&#8221;0.3&#8243; width=&#8221;1\/1&#8243; tablet_width_inherit=&#8221;default&#8221; tablet_text_alignment=&#8221;default&#8221; phone_text_alignment=&#8221;default&#8221; bg_image_animation=&#8221;none&#8221; border_type=&#8221;simple&#8221; column_border_width=&#8221;none&#8221;][vc_column_text]\n<p class=\"western\" style=\"text-align: justify;\"><b>Lipomal<\/b>, 97 mg\/5ml, syrop. <b>Sk\u0142ad:<\/b> 5 ml syropu zawiera: 97,089 mg wyci\u0105gu (jako wyci\u0105g suchy) z <i>Tilia cordata<\/i> Miller, <i>Tilia platyphyllos<\/i> Scop., <i>Tilia vulgaris<\/i> Heyne lub ich mieszaniny, inflorescentia (kwiatostan lipy) (6-7:1), w tym 85% wyci\u0105gu natywnego. Rozpuszczalnik ekstrakcyjny etanol 40% V\/V <u>oraz substancje pomocnicze o znanym dzia\u0142aniu<\/u>: 5 ml syropu zawiera: 4033,67 mg sacharozy, 10,44 mg benzoesanu sodu; 9,708 mg glikolu propylenowego, glukoz\u0119 (jako sk\u0142adnik maltodekstryny). <b>Wskazania do stosowania<\/b>: Tradycyjnie jako \u0142agodny \u015brodek napotny w stanach gor\u0105czkowych. Pomocniczo w przezi\u0119bieniach, w stanach zapalnych gard\u0142a, w kaszlu. <b>Dawkowanie i spos\u00f3b dawkowania<\/b>: <u>Dawkowanie<\/u>: Do opakowania do\u0142\u0105czona jest miarka pozwalaj\u0105ca odmierzy\u0107 5 ml, 10 ml syropu. Dzieci w wieku powy\u017cej 1 roku \u017cycia do 3 lat, po konsultacji z lekarzem, zazwyczaj: 5 ml syropu 2 do 3 razy na dob\u0119. Dzieci w wieku powy\u017cej 3 lat do 12 lat: 5 ml syropu 4 do 5 razy na dob\u0119. M\u0142odzie\u017c w wieku powy\u017cej 12 lat i doro\u015bli: 10 ml syropu 3 do 4 razy na dob\u0119. <u>Spos\u00f3b podawania<\/u>: Podanie doustne. <b>Specjalne ostrze\u017cenia i \u015brodki ostro\u017cno\u015bci dotycz\u0105ce stosowania<\/b>: Je\u015bli gor\u0105czka nie ust\u0119puje po 3 dniach lub przekroczy 39\u00baC, nale\u017cy skontaktowa\u0107 si\u0119 z lekarzem. R\u00f3wnie\u017c w przypadku wyst\u0105pienia duszno\u015bci lub ropnej wydzieliny nale\u017cy poradzi\u0107 si\u0119 lekarza. <u>Ostrze\u017cenia dotycz\u0105ce substancji pomocniczych<\/u> <b>Sacharoza <\/b>Produkt leczniczy zawiera 4,03367 g sacharozy w 5 ml syropu. Nale\u017cy to wzi\u0105\u0107 pod uwag\u0119 u pacjent\u00f3w z cukrzyc\u0105. Pacjenci z rzadkimi dziedzicznymi zaburzeniami zwi\u0105zanymi z nietolerancj\u0105 fruktozy, zespo\u0142em z\u0142ego wch\u0142aniania glukozy-galaktozy lub niedoborem sacharazy-izomaltazy, nie powinni przyjmowa\u0107 produktu leczniczego. Dawka 5 ml syropu zawiera 4 g sacharozy, czyli 0,4 jednostki chlebowej. Dawka 10 ml syropu zawiera 8 g sacharozy, czyli 0,8 jednostki chlebowej. <b>Benzoesan sodu<\/b> (E211) Produkt leczniczy zawiera 10,44 mg benzoesanu sodu w 5 ml syropu. <b>Glikol propylenowy <\/b>Produkt leczniczy zawiera 9,708 mg glikolu propylenowego w 5 ml syropu. <b>S\u00f3d <\/b>Produkt leczniczy zawiera 1,66 mg sodu w 5 ml syropu. Produkt leczniczy zawiera mniej ni\u017c 1 mmol (23 mg) sodu w 5 ml syropu, to znaczy produkt leczniczy uznaje si\u0119 za \u201ewolny od sodu\u201d. <b>Glukoza<\/b> (jako sk\u0142adnik maltodekstryny) Pacjenci z zespo\u0142em z\u0142ego wch\u0142aniania glukozy-galaktozy, nie powinni przyjmowa\u0107 produktu leczniczego. <b>Dzieci <\/b>Produkt leczniczy mo\u017cna stosowa\u0107 u dzieci, kt\u00f3re uko\u0144czy\u0142y 1 rok \u017cycia. U dzieci w wieku od 1 roku \u017cycia do 3 lat przed zastosowaniem zaleca si\u0119 konsultacj\u0119 lekarsk\u0105. <b>Przeciwwskazania<\/b>: Nadwra\u017cliwo\u015b\u0107 na substancj\u0119 czynn\u0105 lub na kt\u00f3r\u0105kolwiek substancj\u0119 pomocnicz\u0105. <b>Dzia\u0142ania niepo\u017c\u0105dane<\/b>: Brak danych dotycz\u0105cych dzia\u0142a\u0144 niepo\u017c\u0105danych produktu leczniczego. <b>Podmiot odpowiedzialny<\/b>: Aflofarm Farmacja Polska Sp.z o.o. <b>Pozwolenie nr: 10347. Wydane przez Prezesa Urz\u0119du Rejestracji Produkt\u00f3w Leczniczych Produkt\u00f3w Medycznych i Produkt\u00f3w Biob\u00f3jczych. Lek OTC.<\/b><\/p>\n[\/vc_column_text][\/vc_column][\/vc_row]\n","protected":false},"excerpt":{"rendered":"<p>[vc_row type=&#8221;in_container&#8221; full_screen_row_position=&#8221;middle&#8221; column_margin=&#8221;default&#8221; column_direction=&#8221;default&#8221; column_direction_tablet=&#8221;default&#8221; column_direction_phone=&#8221;default&#8221; scene_position=&#8221;center&#8221; top_padding=&#8221;1%&#8221; constrain_group_1=&#8221;yes&#8221; bottom_padding=&#8221;1%&#8221; text_color=&#8221;dark&#8221; text_align=&#8221;left&#8221; row_border_radius=&#8221;none&#8221; row_border_radius_applies=&#8221;bg&#8221; overlay_strength=&#8221;0.3&#8243; gradient_direction=&#8221;left_to_right&#8221; shape_divider_position=&#8221;bottom&#8221; bg_image_animation=&#8221;none&#8221; shape_type=&#8221;&#8221;][vc_column column_padding=&#8221;padding-2-percent&#8221; column_padding_tablet=&#8221;inherit&#8221; column_padding_phone=&#8221;inherit&#8221; column_padding_position=&#8221;all&#8221; column_element_spacing=&#8221;default&#8221;&#8230;<\/p>\n","protected":false},"author":1,"featured_media":0,"parent":0,"menu_order":0,"comment_status":"closed","ping_status":"closed","template":"","meta":{"footnotes":""},"class_list":["post-6150","page","type-page","status-publish"],"_links":{"self":[{"href":"https:\/\/lipomal.pl\/index.php\/wp-json\/wp\/v2\/pages\/6150","targetHints":{"allow":["GET"]}}],"collection":[{"href":"https:\/\/lipomal.pl\/index.php\/wp-json\/wp\/v2\/pages"}],"about":[{"href":"https:\/\/lipomal.pl\/index.php\/wp-json\/wp\/v2\/types\/page"}],"author":[{"embeddable":true,"href":"https:\/\/lipomal.pl\/index.php\/wp-json\/wp\/v2\/users\/1"}],"replies":[{"embeddable":true,"href":"https:\/\/lipomal.pl\/index.php\/wp-json\/wp\/v2\/comments?post=6150"}],"version-history":[{"count":7,"href":"https:\/\/lipomal.pl\/index.php\/wp-json\/wp\/v2\/pages\/6150\/revisions"}],"predecessor-version":[{"id":6157,"href":"https:\/\/lipomal.pl\/index.php\/wp-json\/wp\/v2\/pages\/6150\/revisions\/6157"}],"wp:attachment":[{"href":"https:\/\/lipomal.pl\/index.php\/wp-json\/wp\/v2\/media?parent=6150"}],"curies":[{"name":"wp","href":"https:\/\/api.w.org\/{rel}","templated":true}]}}