{"id":5962,"date":"2023-03-08T18:01:27","date_gmt":"2023-03-08T17:01:27","guid":{"rendered":"https:\/\/lipomal.pl\/?page_id=5962"},"modified":"2023-03-08T18:31:37","modified_gmt":"2023-03-08T17:31:37","slug":"regulamin-serwisu","status":"publish","type":"page","link":"https:\/\/lipomal.pl\/index.php\/regulamin-serwisu\/","title":{"rendered":"Regulamin serwisu"},"content":{"rendered":"[vc_row type=&#8221;full_width_background&#8221; full_screen_row_position=&#8221;middle&#8221; column_margin=&#8221;default&#8221; column_direction=&#8221;default&#8221; column_direction_tablet=&#8221;default&#8221; column_direction_phone=&#8221;default&#8221; scene_position=&#8221;center&#8221; top_padding=&#8221;3%&#8221; constrain_group_1=&#8221;yes&#8221; bottom_padding=&#8221;3%&#8221; text_color=&#8221;dark&#8221; text_align=&#8221;left&#8221; row_border_radius=&#8221;none&#8221; row_border_radius_applies=&#8221;bg&#8221; enable_gradient=&#8221;true&#8221; color_overlay=&#8221;#ff4f0f&#8221; color_overlay_2=&#8221;#e91783&#8243; overlay_strength=&#8221;1&#8243; gradient_direction=&#8221;left_to_right&#8221; shape_divider_position=&#8221;bottom&#8221; bg_image_animation=&#8221;none&#8221; shape_type=&#8221;&#8221;][vc_column column_padding=&#8221;no-extra-padding&#8221; column_padding_tablet=&#8221;inherit&#8221; column_padding_phone=&#8221;inherit&#8221; column_padding_position=&#8221;all&#8221; column_element_spacing=&#8221;default&#8221; background_color_opacity=&#8221;1&#8243; background_hover_color_opacity=&#8221;1&#8243; column_shadow=&#8221;none&#8221; column_border_radius=&#8221;none&#8221; column_link_target=&#8221;_self&#8221; gradient_direction=&#8221;left_to_right&#8221; overlay_strength=&#8221;0.3&#8243; width=&#8221;1\/1&#8243; tablet_width_inherit=&#8221;default&#8221; tablet_text_alignment=&#8221;default&#8221; phone_text_alignment=&#8221;default&#8221; bg_image_animation=&#8221;none&#8221; border_type=&#8221;simple&#8221; column_border_width=&#8221;none&#8221; column_border_style=&#8221;solid&#8221;][vc_custom_heading text=&#8221;Regulamin serwisu&#8221; font_container=&#8221;tag:h2|text_align:left|color:%23ffffff&#8221; use_theme_fonts=&#8221;yes&#8221; css_animation=&#8221;fadeInDown&#8221;][\/vc_column][\/vc_row][vc_row type=&#8221;in_container&#8221; full_screen_row_position=&#8221;middle&#8221; column_margin=&#8221;default&#8221; column_direction=&#8221;default&#8221; column_direction_tablet=&#8221;default&#8221; column_direction_phone=&#8221;default&#8221; scene_position=&#8221;center&#8221; top_padding=&#8221;3%&#8221; constrain_group_1=&#8221;yes&#8221; bottom_padding=&#8221;3%&#8221; text_color=&#8221;dark&#8221; text_align=&#8221;left&#8221; row_border_radius=&#8221;none&#8221; row_border_radius_applies=&#8221;bg&#8221; overlay_strength=&#8221;0.3&#8243; gradient_direction=&#8221;left_to_right&#8221; shape_divider_position=&#8221;bottom&#8221; bg_image_animation=&#8221;none&#8221; shape_type=&#8221;&#8221;][vc_column column_padding=&#8221;no-extra-padding&#8221; column_padding_tablet=&#8221;inherit&#8221; column_padding_phone=&#8221;inherit&#8221; column_padding_position=&#8221;all&#8221; column_element_spacing=&#8221;default&#8221; background_color_opacity=&#8221;1&#8243; background_hover_color_opacity=&#8221;1&#8243; column_shadow=&#8221;none&#8221; column_border_radius=&#8221;none&#8221; column_link_target=&#8221;_self&#8221; gradient_direction=&#8221;left_to_right&#8221; overlay_strength=&#8221;0.3&#8243; width=&#8221;1\/1&#8243; tablet_width_inherit=&#8221;default&#8221; tablet_text_alignment=&#8221;default&#8221; phone_text_alignment=&#8221;default&#8221; bg_image_animation=&#8221;none&#8221; border_type=&#8221;simple&#8221; column_border_width=&#8221;none&#8221; column_border_style=&#8221;solid&#8221;][vc_column_text]\n<ol class=\"ol1\">\n<li class=\"li1\"><span class=\"s2\">Definicje:\u00a0<b>Serwis<\/b>\u00a0\u2013 strona internetowa pod\u00a0adresem: lipomal.pl\u00a0<b>U\u017cytkownik\u00a0<\/b>\u2013 osoba odwiedzaj\u0105ca serwis internetowy lipomal.pl\u00a0<b>W\u0142a\u015bciciel serwisu internetowego<\/b>\u00a0pod\u00a0adresem lipomal.pl- Aflofarm Farmacja Polska Sp. z\u00a0o. o. z\u00a0siedzib\u0105 w\u00a0Pabianicach (95-200) przy ul.\u00a0Partyzanckiej 133\/151, wpisana do\u00a0Rejestru Przedsi\u0119biorc\u00f3w prowadzonego przez\u00a0S\u0105d Rejonowy dla \u0141odzi \u015ar\u00f3dmie\u015bcia, XX Wydzia\u0142 Krajowego Rejestru S\u0105dowego pod\u00a0numerem KRS 0000014115 posiadaj\u0105ca kapita\u0142 zak\u0142adowy w\u00a0wysoko\u015bci 26 271 500 PLN, NIP: 731-18-21-205, REGON: 472871255; zwany r\u00f3wnie\u017c dalej \u201eAflofarm\u201d.<\/span><\/li>\n<li class=\"li1\"><span class=\"s2\">Tre\u015bci, loga oraz\u00a0wszelkie inne materia\u0142y zamieszczone w\u00a0Serwisie s\u0105 przedmiotem praw autorskich i\u00a0podlegaj\u0105 ochronie na\u00a0podstawie przepis\u00f3w dotycz\u0105cych prawa w\u0142asno\u015bci intelektualnej w\u00a0tym ustawy z\u00a0dnia 4 lutego 1994 r. o\u00a0prawie autorskim i\u00a0prawach pokrewnych (tekst jednolity Dz.\u00a0U. z\u00a02017 r., poz. 880 z\u00a0p\u00f3\u017an. zm.).<\/span><\/li>\n<li class=\"li1\"><span class=\"s2\">\u017badna cz\u0119\u015b\u0107 Serwisu nie\u00a0mo\u017ce by\u0107 zwielokrotniana, drukowana, kopiowana, publikowana lub w\u00a0inny spos\u00f3b publicznie wykorzystywana bez\u00a0uprzedniej, pisemnej zgody W\u0142a\u015bciciela Serwisu.<\/span><\/li>\n<li class=\"li1\"><span class=\"s2\">Nazwy handlowe umieszczone w\u00a0niniejszym Serwisie mog\u0105 by\u0107 znakami towarowymi i\u00a0podlegaj\u0105 wtedy ochronie na\u00a0podstawie przepis\u00f3w ustawy z\u00a0dnia 30 czerwca 2000 r. prawo w\u0142asno\u015bci przemys\u0142owej (tekst jednolity z\u00a02017 r., poz. 776), za\u015b jakiekolwiek ich wykorzystywanie odbywa\u0107 si\u0119 mo\u017ce jedynie za\u00a0pisemn\u0105 zgod\u0105 ich w\u0142a\u015bciciela.<\/span><\/li>\n<li class=\"li1\"><span class=\"s2\">Wszelkie prawa do\u00a0Serwisu zastrze\u017cone s\u0105 na\u00a0rzecz W\u0142a\u015bciciela serwisu internetowego. Wszelkie dzia\u0142ania naruszaj\u0105ce prawa autorskie s\u0105 zabronione.<\/span><\/li>\n<li class=\"li1\"><span class=\"s2\">\u017badna informacja zamieszczona w\u00a0Serwisie nie\u00a0stanowi oferty, w\u00a0rozumieniu przepis\u00f3w kodeksu cywilnego, sprzeda\u017cy jakiegokolwiek z\u00a0prezentowanych produkt\u00f3w.<\/span><\/li>\n<li class=\"li1\"><span class=\"s2\">Informacje, jakie mog\u0105 pojawi\u0107 si\u0119 w\u00a0Serwisie, dotycz\u0105ce r\u00f3\u017cnych problem\u00f3w zdrowotnych, medycznych, informacje na\u00a0temat leczenia maj\u0105 charakter wy\u0142\u0105cznie informacyjny i\u00a0nie mog\u0105 zast\u0119powa\u0107 konsultacji z\u00a0lekarzem lub z\u00a0farmaceut\u0105. Niedozwolone jest ich wykorzystywanie do\u00a0stawiania diagnozy lekarskiej w\u00a0przypadku jakiejkolwiek choroby czy\u00a0problemu zdrowotnego, ani w\u00a0celu zapisania czy\u00a0stosowania lek\u00f3w zaprezentowanych w\u00a0Serwisie. W\u00a0ka\u017cdym przypadku nale\u017cy skonsultowa\u0107 si\u0119 z\u00a0lekarzem lub farmaceut\u0105.<\/span><\/li>\n<li class=\"li1\"><span class=\"s2\">Aflofarm zastrzega sobie prawo do\u00a0dokonywania zmian w\u00a0tre\u015bci Serwisu oraz\u00a0modyfikacji zamieszczanych informacji w\u00a0ka\u017cdym czasie i\u00a0bez wcze\u015bniejszego powiadamiania.<\/span><\/li>\n<li class=\"li1\"><span class=\"s2\">Aflofarm nie\u00a0ponosi jakiejkolwiek odpowiedzialno\u015bci za\u00a0szkody wynikaj\u0105ce z\u00a0dost\u0119pu do\u00a0Serwisu oraz\u00a0za\u00a0dzia\u0142ania os\u00f3b trzecich, jak r\u00f3wnie\u017c za\u00a0wszelkie szkody powsta\u0142e w\u00a0zwi\u0105zku z\u00a0pobieraniem b\u0105d\u017a wykorzystywaniem materia\u0142\u00f3w znajduj\u0105cych si\u0119 na\u00a0stronach Serwisu, a\u00a0tak\u017ce wywo\u0142ane b\u0142\u0119dami systemu komputerowego, wirusami lub komunikacj\u0105 za\u00a0pomoc\u0105 poczty elektronicznej.<\/span><\/li>\n<\/ol>\n[\/vc_column_text][\/vc_column][\/vc_row][vc_row type=&#8221;full_width_background&#8221; full_screen_row_position=&#8221;middle&#8221; column_margin=&#8221;default&#8221; column_direction=&#8221;default&#8221; column_direction_tablet=&#8221;default&#8221; column_direction_phone=&#8221;default&#8221; bg_color=&#8221;#e91783&#8243; scene_position=&#8221;center&#8221; top_padding=&#8221;4%&#8221; constrain_group_1=&#8221;yes&#8221; bottom_padding=&#8221;4%&#8221; text_color=&#8221;light&#8221; text_align=&#8221;center&#8221; row_border_radius=&#8221;none&#8221; row_border_radius_applies=&#8221;bg&#8221; overlay_strength=&#8221;0.3&#8243; gradient_direction=&#8221;left_to_right&#8221; shape_divider_position=&#8221;bottom&#8221; bg_image_animation=&#8221;none&#8221; shape_type=&#8221;&#8221;][vc_column column_padding=&#8221;no-extra-padding&#8221; column_padding_tablet=&#8221;inherit&#8221; column_padding_phone=&#8221;inherit&#8221; column_padding_position=&#8221;all&#8221; column_element_spacing=&#8221;default&#8221; background_color_opacity=&#8221;1&#8243; background_hover_color_opacity=&#8221;1&#8243; column_shadow=&#8221;none&#8221; column_border_radius=&#8221;none&#8221; column_link_target=&#8221;_self&#8221; gradient_direction=&#8221;left_to_right&#8221; overlay_strength=&#8221;0.3&#8243; width=&#8221;1\/1&#8243; tablet_width_inherit=&#8221;default&#8221; tablet_text_alignment=&#8221;default&#8221; phone_text_alignment=&#8221;default&#8221; bg_image_animation=&#8221;none&#8221; border_type=&#8221;simple&#8221; column_border_width=&#8221;none&#8221; column_border_style=&#8221;solid&#8221;][vc_column_text]\n<p><center><strong><img loading=\"lazy\" decoding=\"async\" class=\"size-full wp-image-977 aligncenter\" src=\"https:\/\/lipomal.pl\/wp-content\/uploads\/2021\/10\/logo-aflofarm-wh.png\" alt=\"\" width=\"150\" height=\"39\" \/><\/strong><\/center><\/p>\n<div class=\"mt-3\">\n<p><strong>Aflofarm Farmacja Polska Sp. z o.o.<\/strong><br \/>\nul. Partyzancka 133\/151 95-200 Pabianice<\/p>\n<\/div>\n<p class=\"mt-3\"><i class=\"fas fa-phone\"><\/i> 42 22 53 100<\/p>\n<p style=\"text-align: center;\"><span style=\"color: #ffffff;\"><a style=\"color: #ffffff;\" href=\"https:\/\/lipomal.pl\/index.php\/regulamin-serwisu\/\">Regulamin serwisu<\/a> | <a style=\"color: #ffffff;\" href=\"https:\/\/lipomal.pl\/index.php\/polityka-prywatnosci\/\">Polityka prywatno\u015bci<\/a><\/span><\/p>\n<p><center>Copyright <span class=\"st\">\u00a9<\/span> Aflofarm Farmacja Polska S.p. z o.o. Realizacja <a href=\"https:\/\/www.hillnet.pl\/\"><span style=\"color: #ffffff;\">HN<\/span><\/a><\/center>[\/vc_column_text][\/vc_column][\/vc_row]\n","protected":false},"excerpt":{"rendered":"<p>[vc_row type=&#8221;full_width_background&#8221; full_screen_row_position=&#8221;middle&#8221; column_margin=&#8221;default&#8221; column_direction=&#8221;default&#8221; column_direction_tablet=&#8221;default&#8221; column_direction_phone=&#8221;default&#8221; scene_position=&#8221;center&#8221; top_padding=&#8221;3%&#8221; constrain_group_1=&#8221;yes&#8221; bottom_padding=&#8221;3%&#8221; text_color=&#8221;dark&#8221; text_align=&#8221;left&#8221; row_border_radius=&#8221;none&#8221; row_border_radius_applies=&#8221;bg&#8221; enable_gradient=&#8221;true&#8221; color_overlay=&#8221;#ff4f0f&#8221; color_overlay_2=&#8221;#e91783&#8243; overlay_strength=&#8221;1&#8243; gradient_direction=&#8221;left_to_right&#8221; shape_divider_position=&#8221;bottom&#8221; bg_image_animation=&#8221;none&#8221; shape_type=&#8221;&#8221;][vc_column column_padding=&#8221;no-extra-padding&#8221; column_padding_tablet=&#8221;inherit&#8221;&#8230;<\/p>\n","protected":false},"author":1,"featured_media":0,"parent":0,"menu_order":0,"comment_status":"closed","ping_status":"closed","template":"","meta":{"footnotes":""},"class_list":["post-5962","page","type-page","status-publish"],"_links":{"self":[{"href":"https:\/\/lipomal.pl\/index.php\/wp-json\/wp\/v2\/pages\/5962","targetHints":{"allow":["GET"]}}],"collection":[{"href":"https:\/\/lipomal.pl\/index.php\/wp-json\/wp\/v2\/pages"}],"about":[{"href":"https:\/\/lipomal.pl\/index.php\/wp-json\/wp\/v2\/types\/page"}],"author":[{"embeddable":true,"href":"https:\/\/lipomal.pl\/index.php\/wp-json\/wp\/v2\/users\/1"}],"replies":[{"embeddable":true,"href":"https:\/\/lipomal.pl\/index.php\/wp-json\/wp\/v2\/comments?post=5962"}],"version-history":[{"count":10,"href":"https:\/\/lipomal.pl\/index.php\/wp-json\/wp\/v2\/pages\/5962\/revisions"}],"predecessor-version":[{"id":5977,"href":"https:\/\/lipomal.pl\/index.php\/wp-json\/wp\/v2\/pages\/5962\/revisions\/5977"}],"wp:attachment":[{"href":"https:\/\/lipomal.pl\/index.php\/wp-json\/wp\/v2\/media?parent=5962"}],"curies":[{"name":"wp","href":"https:\/\/api.w.org\/{rel}","templated":true}]}}